the ten thousands digit of 467060?
6
What is the ten thousands digit of 277909?
7
What is the thousands digit of 196647?
6
What is the hundreds digit of 9099450?
4
What is the ten thousands digit of 260544?
6
What is the tens digit of 32979359?
5
What is the thousands digit of 96630?
6
What is the hundreds digit of 89358?
3
What is the millions digit of 27976036?
7
What is the thousands digit of 168696?
8
What is the thousands digit of 1535036?
5
What is the hundred thousands digit of 8344901?
3
What is the tens digit of 183344?
4
What is the ten thousands digit of 3106459?
0
What is the millions digit of 2231969?
2
What is the millions digit of 1790748?
1
What is the tens digit of 227239?
3
What is the millions digit of 3382144?
3
What is the hundreds digit of 2911876?
8
What is the ten thousands digit of 29300190?
0
What is the hundred thousands digit of 432582?
4
What is the hundred thousands digit of 581451?
5
What is the ten thousands digit of 9086663?
8
What is the ten thousands digit of 9883970?
8
What is the ten thousands digit of 36164?
3
What is the thousands digit of 1133868?
3
What is the millions digit of 16003232?
6
What is the tens digit of 1467274?
7
What is the units digit of 49507?
7
What is the hundred thousands digit of 319629?
3
What is the units digit of 379003?
3
What is the units digit of 56812?
2
What is the hundred thousands digit of 3236930?
2
What is the thousands digit of 5316486?
6
What is the units digit of 124149?
9
What is the hundred thousands digit of 279148?
2
What is the ten thousands digit of 1728190?
2
What is the hundreds digit of 4715173?
1
What is the hundred thousands digit of 4393833?
3
What is the hundreds digit of 1788446?
4
What is the thousands digit of 16668?
6
What is the ten thousands digit of 251192?
5
What is the hundred thousands digit of 556115?
5
What is the thousands digit of 844497?
4
What is the hundred thousands digit of 30302851?
3
What is the millions digit of 2672360?
2
What is the hundred thousands digit of 227327?
2
What is the hundred thousands digit of 424236?
4
What is the units digit of 3923126?
6
What is the hundred thousands digit of 1268995?
2
What is the units digit of 1147196?
6
What is the ten thousands digit of 10835291?
3
What is the tens digit of 758476?
7
What is the tens digit of 287108?
0
What is the ten thousands digit of 691988?
9
What is the tens digit of 2500552?
5
What is the units digit of 500335?
5
What is the units digit of 6403965?
5
What is the units digit of 903936?
6
What is the tens digit of 1969481?
8
What is the millions digit of 2148432?
2
What is the tens digit of 284725?
2
What is the ten thousands digit of 926091?
2
What is the hundred thousands digit of 5182990?
1
What is the ten thousands digit of 2495798?
9
What is the thousands digit of 2017876?
7
What is the units digit of 4614640?
0
What is the millions digit of 11400086?
1
What is the hundred thousands digit of 1903481?
9
What is the thousands digit of 16657485?
7
What is the millions digit of 1088538?
1
What is the tens digit of 17834813?
1
What is the thousands digit of 818026?
8
What is the hundred thousands digit of 119415?
1
What is the thousands digit of 1291250?
1
What is the thousands digit of 168767?
8
What is the units digit of 1251742?
2
What is the thousands digit of 3439578?
9
What is the hundreds digit of 5443234?
2
What is the ten thousands digit of 2936206?
3
What is the hundreds digit of 13099239?
2
What is the hundreds digit of 1253775?
7
What is the tens digit of 430?
3
What is the hundreds digit of 942768?
7
What is the hundred thousands digit of 1042002?
0
What is the tens digit of 1752897?
9
What is the hundreds digit of 465803?
8
What is the hundred thousands digit of 181745?
1
What is the thousands digit of 3460905?
0
What is the units digit of 275586?
6
What is the tens digit of 1440415?
1
What is the millions digit of 4757634?
4
What is the millions digit of 10037769?
0
What is the units digit of 7390?
0
What is the thousands digit of 310629?
0
What is the tens digit of 264132?
3
What is the thousands digit of 909784?
9
What is the thousands digit of 1924106?
4
What is the units digit of 14937259?
9
What is the ten thousands digit of 228256?
2
What is the hundred thousands digit of 23877027?
8
What is the ten thousands digit of 17531646?
3
What is the hundreds digit of 444052?
0
What is the units digit of 375804?
4
What is the thousands digit of 5154?
5
What is the millions digit of 9642658?
9
What is the hundreds digit of 3446664?
6
What is the hundreds digit of 4110414?
4
What is the hundred thousands digit of 2159685?
1
What is the thousands digit of 40170296?
0
What is the ten thousands digit of 411942?
1
What is the units digit of 920486?
6
What is the hundreds digit of 877545?
5
What is the tens digit of 128116?
1
What is the units digit of 10378824?
4
What is the tens digit of 8719855?
5
What is the ten thousands digit of 25681359?
8
What is the tens digit of 89803?
0
What is the millions digit of 23041120?
3
What is the tens digit of 210960?
6
What is the millions digit of 34519719?
4
What is the tens digit of 14958606?
0
What is the hundreds digit of 807816?
8
What is the hundred thousands digit of 704264?
7
What is the thousands digit of 2966606?
6
What is the millions digit of 2568809?
2
What is the ten thousands digit of 1170966?
7
What is the units digit of 3660656?
6
What is the tens digit of 11788206?
0
What is the ten thousands digit of 4242413?
4
What is the millions digit of 3358261?
3
What is the millions digit of 8504354?
8
What is the ten thousands digit of 14901?
1
What is the hundred thousands digit of 1011445?
0
What is the tens digit of 13324687?
8
What is the ten thousands digit of 271170?
7
What is the hundreds digit of 6956601?
6
What is the ten thousands digit of 38757092?
5
What is the ten thousands digit of 8651462?
5
What is the thousands digit of 2052556?
2
What is the hundred thousands digit of 821948?
8
What is the ten thousands digit of 2664344?
6
What is the hundreds digit of 2961069?
0
What is the thousands digit of 1018669?
8
What is the tens digit of 83865?
6
What is the hundred thousands digit of 2111496?
1
What is the tens digit of 111257?
5
What is the tens digit of 116981?
8
What is the hundreds digit of 375284?
2
What is the ten thousands digit of 2837259?
3
What is the thousands digit of 180593?
0
What is the units digit of 32196850?
0
What is the thousands digit of 211355?
1
What is the thousands digit of 1828074?
8
What is the thousands digit of 223416?
3
What is the ten thousands digit of 341471?
4
What is the tens digit of 374000?
0
What is the hundred thousands digit of 2610881?
6
What is the tens digit of 1075805?
0
What is the hundreds digit of 21972240?
2
What is the hundreds digit of 168160?
1
What is the tens digit of 1055566?
6
What is the thousands digit of 2608210?
8
What is the thousands digit of 19212533?
2
What is the thousands digit of 745465?
5
What is the units digit of 390677?
7
What is the ten thousands digit of 23290852?
9
What is the units digit of 975639?
9
What is the ten thousands digit of 809607?
0
What is the units digit of 525811?
1
What is the thousands digit of 18165?
8
What is the units digit of 5565534?
4
What is the hundreds digit of 691832?
8
What is the ten thousands digit of 201172?
0
What is the tens digit of 3345847?
4
What is the hundreds digit of 179674?
6
What is the hundreds digit of 491974?
9
What is the ten thousands digit of 300082?
0
What is the ten thousands digit of 710253?
1
What is the hundred thousands digit of 215442?
2
What is the ten thousands digit of 293484?
9
What is the ten thousands digit of 827134?
2
What is the ten thousands digit of 7347436?
4
What is the thousands digit of 7314672?
4
What is the hundred thousands digit of 719820?
7
What is the ten millions digit of 38104245?
3
What is the tens digit of 263810?
1
What is the tens digit of 931589?
8
What is the thousands digit of 674440?
4
What is the hundreds digit of 17916883?
8
What is the hundreds digit of 8174085?
0
What is the thousands digit of 73984?
3
What is the ten thousands digit of 260584?
6
What is the thousands digit of 164486?
4
What is the thousands digit of 669397?
9
What is the thous